2 - 43*h + 11. What is n(0)?
11
Let o(p) = 5*p**3 - p**2 - 6*p - 3. Determine o(-3).
-129
Let g(l) = -l**3 + 23*l**2 + 37*l - 303. Calculate g(24).
9
Let h(b) = -3*b**3 + 338*b**2 + 114*b - 98. Give h(113).
15
Let m(f) = 2*f**3 - 206*f**2 + 408*f - 440. Determine m(101).
-36
Let z(y) = -158*y + 4745. Give z(31).
-153
Let l(m) = 12*m - 375. Calculate l(16).
-183
Let n(g) = 2*g**3 + 3*g**2 + 506*g + 1519. Give n(-3).
-26
Let n(h) = 93*h - 2517. Give n(27).
-6
Let g(y) = -994*y - 2953. What is g(-3)?
29
Let k(p) = 9*p**2 - 92*p - 23. Calculate k(13).
302
Let p(x) = -x**2 - 878*x + 7116. Calculate p(8).
28
Let b(w) = w**2 + 3*w - 987. Give b(-33).
3
Let y(t) = -2*t**3 - 27*t**2 + 32*t - 17. What is y(-15)?
178
Let v(i) = -30*i + 1458. What is v(49)?
-12
Let l(m) = -8*m**3 - 4*m**2 - 72*m + 158. What is l(2)?
-66
Let f(s) = 29*s + 891. What is f(-31)?
-8
Let i(g) = -56*g - 27. Determine i(4).
-251
Let y(n) = -n**3 + 70*n**2 - 265*n + 72. Calculate y(66).
6
Let a(p) = -21*p - 317. What is a(-28)?
271
Let p(s) = 2*s**2 - 100*s + 1248. Calculate p(24).
0
Let t(m) = -m**2 + 67*m - 176. Determine t(3).
16
Let h(a) = 23*a**3 + 3*a**2 + 7*a - 9. Give h(1).
24
Let c(u) = -122*u - 2681. What is c(-22)?
3
Let h(y) = y**3 - 112*y**2 + 1697*y - 473. Calculate h(94).
-3
Let c(g) = g**2 + 452*g + 41289. Give c(-325).
14
Let l(n) = 146*n - 1. Give l(-2).
-293
Let y(a) = 2*a**3 - 30*a**2 + 18*a - 271. Determine y(15).
-1
Let y(n) = 2*n**2 + 33*n + 37. Determine y(-15).
-8
Let q(f) = -f**3 - 45*f**2 + 12*f + 434. Give q(-45).
-106
Let y(m) = -m**2 + 52*m - 617. Calculate y(18).
-5
Let d(m) = -6*m**2 - 41*m - 92. What is d(-6)?
-62
Let t(r) = -r**3 + 97*r - 3. What is t(10)?
-33
Let p(i) = -3*i**3 + 100*i**2 - 35*i - 26. Determine p(33).
-92
Let c(l) = l**2 + 18*l + 7. Calculate c(6).
151
Let y(s) = 2*s**3 + 186*s**2 - 253*s - 6080. Give y(-94).
30
Let b(u) = 23*u - 1166. What is b(56)?
122
Let u(g) = -107*g + 22. What is u(6)?
-620
Let z(m) = 18*m + 189. Give z(-8).
45
Let a(n) = -n**2 + 130*n - 2398. What is a(23)?
63
Let n(y) = y**3 + 13*y**2 - y - 40. Determine n(-13).
-27
Let p(l) = 3*l**3 + 138*l**2 + 181*l + 2076. Give p(-45).
6
Let j(n) = -59*n + 1128. What is j(16)?
184
Let i(l) = 4*l**2 - 51*l + 144. Give i(7).
-17
Let q(r) = -r**2 + 7713*r - 53940. Determine q(7).
2
Let j(g) = -16*g + 368. Calculate j(15).
128
Let s(t) = 5*t**3 + 241*t**2 + 46*t - 102. Calculate s(-48).
-6
Let c(m) = 12*m**2 - 42*m + 59. Give c(5).
149
Let r(p) = 62243*p + 311211. What is r(-5)?
-4
Let z(v) = -3*v**2 - 74*v + 148. What is z(2)?
-12
Let i(p) = 2*p**3 - 233*p**2 + 132*p - 1864. Determine i(116).
-8
Let r(d) = -d**2 + 143*d + 63798. Calculate r(334).
4
Let j(a) = 13*a**3 - 5*a**2 + 31*a + 32. Give j(-1).
-17
Let q(y) = 36*y + 25. Calculate q(-6).
-191
Let j(v) = 9*v**2 + 84*v + 63. What is j(-9)?
36
Let y(a) = 3*a**2 + 148*a - 2585. What is y(-63)?
-2
Let p(f) = 2*f**3 + 2*f**2 + 3*f - 14. Give p(2).
16
Let k(j) = -67*j - 7645. Give k(-114).
-7
Let j(q) = q**3 - 7*q**2 - 6*q - 60. Calculate j(7).
-102
Let l(s) = s**2 - 208*s + 10401. Determine l(86).
-91
Let u(p) = 2*p**3 - 4*p**2 - 18*p + 34. What is u(2)?
-2
Let o(f) = -11*f**2 - 268*f - 65. Determine o(-24).
31
Let o(n) = -n**3 + 29*n**2 - 32*n + 128. Calculate o(28).
16
Let a(q) = -20774*q - 83097. Calculate a(-4).
-1
Let c(v) = -v**3 + 154*v - 109. Calculate c(12).
11
Let q(s) = -70*s**2 + 150*s + 1. What is q(2)?
21
Let z(i) = -2*i**2 + 24*i - 124. Calculate z(10).
-84
Let f(v) = -3*v**2 - 63*v + 297. Calculate f(4).
-3
Let w(j) = -64*j - 632. Determine w(-10).
8
Let i(c) = -c**2 - 374*c - 3668. What is i(-10)?
-28
Let o(d) = 7*d**3 + 9*d**2 - 10*d - 110. Calculate o(-5).
-710
Let z(a) = a**2 + 16*a - 28. Give z(-16).
-28
Let c(l) = l**2 - 42*l - 124. Give c(45).
11
Let o(l) = -4*l**2 + 4*l - 37. Give o(4).
-85
Let v(z) = 2*z**2 + 28*z + 85. Give v(-5).
-5
Let x(p) = -6*p - 59. Determine x(-8).
-11
Let l(o) = -312*o + 3126. Give l(10).
6
Let b(y) = 17*y + 98. Give b(8).
234
Let t(v) = -2*v**2 + 539*v - 5686. What is t(11)?
1
Let i(a) = 9955*a + 29857. Determine i(-3).
-8
Let k(d) = 137*d - 4968. Give k(36).
-36
Let k(w) = 4065*w - 32578. Determine k(8).
-58
Let w(j) = -j**2 - 49*j + 262. Calculate w(-54).
-8
Let y(u) = -148*u + 2065. Determine y(14).
-7
Let k(p) = p**3 - 2*p**2 + 20*p + 21. Give k(-1).
-2
Let f(y) = 469*y + 491. Calculate f(-1).
22
Let b(y) = 5*y**2 + 153*y + 102. Calculate b(-30).
12
Let i(f) = 5*f**2 - 58*f + 108. What is i(2)?
12
Let k(d) = 59*d + 11. Give k(-2).
-107
Let s(p) = p**3 - 49*p**2 + p - 40. Give s(49).
9
Let l(y) = -y**3 - 12*y**2 + 9*y - 9. Determine l(-12).
-117
Let j(b) = -b**3 + 6*b**2 - 16*b + 25. Give j(5).
-30
Let b(d) = -640*d - 7052. Give b(-11).
-12
Let q(w) = -150*w - 1227. What is q(-9)?
123
Let g(n) = -263*n - 9191. Calculate g(-35).
14
Let n(f) = 140*f - 413. Calculate n(3).
7
Let u(b) = -3*b**2 + 2*b + 5. Calculate u(3).
-16
Let p(w) = -503*w - 4026. Determine p(-8).
-2
Let k(y) = y**3 - 7*y**2 - 57*y + 379. What is k(9)?
28
Let l(d) = -6*d**2 - 11. Calculate l(-2).
-35
Let z(l) = 48*l**2 + 26*l - 2168. Determine z(-7).
2
Let v(g) = 56*g**2 - g + 12. Determine v(0).
12
Let n(g) = g**2 + 43*g + 395. Determine n(-27).
-37
Let h(u) = -2*u**3 - 14*u**2 + 6*u + 15. Calculate h(0).
15
Let k(v) = 5323*v + 10636. What is k(-2)?
-10
Let k(m) = 146*m + 814. Determine k(-5).
84
Let l(o) = -o**2 + 56*o + 172. Calculate l(58).
56
Let x(a) = 118*a - 1889. Give x(16).
-1
Let x(j) = 33*j - 789. Determine x(23).
-30
Let p(z) = 71*z + 4415. Calculate p(-63).
-58
Let n(s) = -2*s**3 + 36*s**2 - 38*s + 14. What is n(17)?
-54
Let z(r) = -1356*r + 10919. Calculate z(8).
71
Let z(k) = -574*k + 1626. What is z(3)?
-96
Let l(r) = -r**2 - 19*r - 44. Determine l(-18).
-26
Let x(t) = -t**2 + 23*t + 168. Determine x(37).
-350
Let i(x) = 2*x**2 - 45*x - 3. What is i(22)?
-25
Let x(t) = -t**3 + 30*t**2 - 189*t - 136. Calculate x(21).
-136
Let o(s) = 5*s**2 + 28*s + 10. Determine o(-5).
-5
Let j(l) = -2349*l - 65774. Calculate j(-28).
-2
Let j(y) = -55*y**2 + 6107*y - 210. Give j(111).
12
Let d(v) = -1996*v + 1941. Calculate d(1).
-55
Let w(m) = -509*m - 2083. Determine w(-6).
971
Let w(m) = m**3 + 10*m**2 + 18*m + 55. Give w(-8).
39
Let h(q) = q**3 + 64*q**2 - 2*q - 95. Determine h(0).
-95
Let x(b) = 3*b**2 - 14*b + 76. Determine x(6).
100
Let g(b) = -3*b**3 - 9*b**2 + b - 7. Calculate g(-4).
37
Let z(u) = 2*u**3 + 27*u**2 + 112*u + 2. Give z(-9).
-277
Let f(z) = 35*z**2 + 9*z - 8. Calculate f(-3).
280
Let x(k) = -28*k - 48. Calculate x(0).
-48
Let j(x) = -29*x + 1964. Calculate j(37).
891
Let s(x) = 597*x + 559. Calculate s(-1).
-38
Let p(w) = 42*w - 1483. What is p(35)?
-13
Let w(c) = c**3 - 6*c**2 + 33*c - 193. Determine w(6).
5
Let w(v) = 35*v + 1427. Determine w(-41).
-8
Let x(w) = w**3 + 30*w**2 - 50*w + 317. Calculate x(-32).
-131
Let r(x) = -x**2 - 6*x + 151. Calculate r(9).
16
Let c(g) = -34*g**2 + 882*g - 808. Give c(25).
-8
Let b(o) = 2*o**3 + 29*o**2 - 39*o + 70. Give b(-16).
-74
Let m(c) = -2*c**2 - 340*c + 13850. Calculate m(34).
-22
Let w(b) = -b**3 + 4*b**2 - 591*b + 3614. What is w(6)?
-4
Let m(v) = -v**2 - 10*v - 8. Determine m(-2).
8
Let b(w) = -74*w - 1143. Determine b(-15).
-33
Let u(a) = 2*a**3 - 28*a**2 - 14*a + 165. Determine u(14).
-31
Let c(p) = -p**3 + 18*p**2 - 68*p + 11. Calculate c(13).
-28
Let y(s) = 2*s**2 + 76*s - 70. Determine y(-38).
-70
Let h(v) = 611*v + 1205. Calculate h(-2).
-17
Let f(w) = w**2 + 34*w + 215. Calculate f(-23).
-38
Let n(i) = i**2 - 1668*i + 32965. Calculate n(20).
5
Let f(z) = -z**2 - 8*z - 29. Calculate f(-13).
-94
Let n(m) = 27*m + 487. Calculate n(-19).
-26
Let a(t) = 75*t + 4876. Give a(-65).
1
Let y(p) = -p**3 - 25*p**2 - 49*p - 133. What is y(-22)?
-507
Let l(s) = -s**3 + 3*s**2 + 23*s - 77. Calculate l(5).
-12
Let c(r) = 32*r - 64. Calculate c(5).
96
Let k(r) = -481*r - 1451. Calculate k(-3).
-8
Let i(f) = -f**3 - 38*f**2 + 220*f + 231. What is i(-43)?
16
Let f(l) = l**3 - 2*l**2 - l + 109. What is f(-5)?
-61
Let y(b) = 2*b**2 + 25*b + 70. Determine y(-15).
145
Let q(h) = -h**3 - 38*h**2 - 150*h - 89. Calculate q(-33).
-584
Let a(j) = j**2 - 24*j - 18. Give a(19).
-113
Let m(g) = 15*g - 328. What is m(21)?
-13
Let q(z) = 19961*z + 379261